
True
Is 22403 a composite number?
True
Is 30867 a prime number?
False
Is 174113 composite?
True
Is 38518 a composite number?
True
Is 2034661 composite?
False
Is 9897 composite?
True
Is 41809 composite?
False
Is 9263 composite?
True
Is 153247 a composite number?
False
Is 531035 a composite number?
True
Is 235091 a prime number?
True
Is 471467 composite?
False
Is 3365 prime?
False
Is 262583 prime?
True
Is 1442509 a composite number?
False
Is 28321 composite?
True
Is 22985 a composite number?
True
Is 46031 a composite number?
True
Is 4547 prime?
True
Is 89 prime?
True
Is 46399 a prime number?
True
Is 28807 composite?
False
Is 203033 composite?
True
Is 176623 a prime number?
False
Is 32821 prime?
False
Is 24547 a composite number?
False
Is 738953 a prime number?
True
Is 581807 a composite number?
True
Is 884947 a prime number?
False
Is 6487 a prime number?
False
Is 76597 composite?
False
Is 472793 prime?
True
Is 21557 prime?
True
Is 68311 prime?
True
Is 211 composite?
False
Is 89363 prime?
True
Is 119 a composite number?
True
Is 33763 prime?
False
Is 144659 prime?
True
Is 1217 a composite number?
False
Is 622 a composite number?
True
Is 103497 composite?
True
Is 1841 a composite number?
True
Is 2533 prime?
False
Is 20035 a composite number?
True
Is 394153 a prime number?
True
Is 819023 composite?
True
Is 58967 a prime number?
True
Is 4561 composite?
False
Is 127637 a composite number?
False
Is 1896779 a composite number?
True
Is 3029831 a prime number?
False
Is 11579 composite?
False
Is 735211 a prime number?
True
Is 333869 a prime number?
False
Is 730321 a composite number?
False
Is 43863 a prime number?
False
Is 251701 a composite number?
False
Is 3631 composite?
False
Is 58267 a composite number?
True
Is 5077 a composite number?
False
Is 61283 a composite number?
False
Is 126833 a prime number?
False
Is 23137 prime?
False
Is 668131 prime?
False
Is 736177 prime?
False
Is 565879 a prime number?
False
Is 10799 a prime number?
True
Is 4661 a composite number?
True
Is 316253 prime?
False
Is 176951 prime?
True
Is 138209 composite?
False
Is 674035 composite?
True
Is 22871 a composite number?
False
Is 48457 composite?
True
Is 16331 composite?
True
Is 42299 prime?
True
Is 148949 prime?
True
Is 315515 composite?
True
Is 9806 composite?
True
Is 667903 composite?
False
Is 122639 a prime number?
False
Is 133557 prime?
False
Is 17149 composite?
True
Is 13751 composite?
False
Is 481 a composite number?
True
Is 51893 composite?
False
Is 2150501 composite?
True
Is 4447 composite?
False
Is 136839 composite?
True
Is 8422 composite?
True
Is 337261 a prime number?
True
Is 8173 composite?
True
Is 16183 a composite number?
False
Is 146563 prime?
True
Is 626341 a prime number?
True
Is 13835 a prime number?
False
Is 1038317 prime?
False
Is 280793 prime?
False
Is 29966 composite?
True
Is 63577 a composite number?
False
Is 97733 a composite number?
True
Is 247081 a prime number?
False
Is 102781 a composite number?
True
Is 3063 prime?
False
Is 23399 prime?
True
Is 549773 composite?
True
Is 185797 composite?
False
Is 44729 composite?
False
Is 14717 composite?
False
Is 24305 prime?
False
Is 494539 a prime number?
True
Is 2913 prime?
False
Is 2999 a prime number?
True
Is 14683 composite?
False
Is 1351351 prime?
False
Is 140797 a composite number?
False
Is 45413 a composite number?
False
Is 96643 a composite number?
False
Is 258061 a composite number?
False
Is 32177 prime?
False
Is 15623 a prime number?
False
Is 27067 prime?
True
Is 9091 prime?
True
Is 62969 composite?
False
Is 19263 prime?
False
Is 2965 prime?
False
Is 26599 a prime number?
False
Is 705559 a prime number?
True
Is 23741 prime?
True
Is 686291 prime?
False
Is 53518 a prime number?
False
Is 251861 a composite number?
False
Is 46663 a composite number?
False
Is 674929 prime?
True
Is 393502 prime?
False
Is 7113 a composite number?
True
Is 350651 a prime number?
False
Is 3772597 prime?
False
Is 320861 a composite number?
False
Is 44995 composite?
True
Is 156801 a composite number?
True
Is 5751223 prime?
True
Is 215411 prime?
False
Is 38453 prime?
True
Is 20571 a prime number?
False
Is 188447 a prime number?
False
Is 242423 composite?
True
Is 250889 prime?
True
Is 64895 prime?
False
Is 77389 a prime number?
False
Is 10762 composite?
True
Is 230189 prime?
True
Is 81853 prime?
True
Is 18383 a composite number?
True
Is 223661 a composite number?
True
Is 754807 a prime number?
False
Is 45523 a prime number?
True
Is 2729 prime?
True
Is 191409 a prime number?
False
Is 52447 a prime number?
False
Is 145011 prime?
False
Is 4835 composite?
True
Is 375673 a composite number?
False
Is 26669 composite?
False
Is 96643 prime?
True
Is 3043 a prime number?
False
Is 91169 prime?
False
Is 22769 a prime number?
True
Is 6847 a composite number?
True
Is 3659 prime?
True
Is 65369 prime?
False
Is 283919 composite?
True
Is 5906 composite?
True
Is 141 prime?
False
Is 17773 a prime number?
False
Is 24439 a composite number?
False
Is 15891 a prime number?
False
Is 15682 a prime number?
False
Is 57802 prime?
False
Is 4861 a composite number?
False
Is 49783 a composite number?
False
Is 31874 composite?
True
Is 62183 composite?
True
Is 24665 composite?
True
Is 581923 a prime number?
False
Is 30811 a prime number?
False
Is 76663 a prime number?
False
Is 79459 composite?
True
Is 203253 prime?
False
Is 5686 a composite number?
True
Is 26591 a prime number?
True
Is 40363 composite?
True
Is 4073 prime?
True
Is 1658711 composite?
False
Is 2333 prime?
True
Is 334729 composite?
True
Is 67255 prime?
False
Is 3683 prime?
False
Is 56659 a prime number?
True
Is 1393 composite?
True
Is 12883 a prime number?
False
Is 7819 composite?
True
Is 54461 a prime number?
False
Is 53393 composite?
True
Is 12601 a prime number?
True
Is 2180677 a prime number?
True
Is 3643 composite?
False
Is 382435 a composite number?
True
Is 1577 a prime number?
False
Is 1618 a prime number?
False
Is 920179 a prime number?
False
Is 49103 a prime number?
True
Is 140405 composite?
True
Is 17369 a composite number?
True
Is 25621 a composite number?
False
Is 22901 a prime number?
True
Is 4987 a composite number?
False
Is 403373 a composite number?
True
Is 731 composite?
True
Is 20795 composite?
True
Is 49189 a composite number?
True
Is 98801 a composite number?
False
Is 19171 a prime number?
False
Is 841541 composite?
False
Is 26853 a prime number?
False
Is 260482 a composite number?
True
Is 19661 a prime number?
True
Is 335981 prime?
False
Is 66029 a prime number?
True
Is 1379227 prime?
False
Is 20729 a prime number?
False
Is 371793 prime?
False
Is 1135789 prime?
False
Is 187774 a composite number?
True
Is 49559 composite?
False
Is 144767 a composite number?
True
Is 256261 a composite number?
True
Is 96027 composite?
True
Is 87221 a prime number?
True
Is 1073 a composite number?
True
Is 914339 prime?
True
Is 3797 composite?
False
Is 4303787 a composite number?
False
Is 2371 composite?
False
Is 159667 prime?
True
Is 37951 prime?
True
Is 2483 composite?
True
Is 218729 a prime number?
False
Is 4381 composite?
True
Is 653 prime?
True
Is 104569 prime?
False
Is 84857 a composite number?
False
Is 704423 a composite number?
True
Is 118693 composite?
True
Is 19945 a prime number?
False
Is 419 a prime number?
True
Is 2657 a prime number?
True
Is 1246823 prime?
True
Is 141481 a composite number?
False
Is 810947 composite?
True
Is 947327 prime?
True
Is 95311 prime?
True
Is 122749 a composite number?
True
Is 44953 a prime number?
True
Is 7349 composite?
False
Is 66211 a prime number?
False
Is 2788895 composite?
True
Is 382493 a prime number?
True
Is 212183 prime?
True
Is 1735 composite?
True
Is 699905 a composite number?
True
Is 27227 a composite number?
True
Is 30211 a prime number?
True
Is 1711 a prime number?
False
Is 1732505 prime?
False
Is 12743 a composite number?
False
Is 265 a prime number?
False
Is 622423 prime?
True
Is 23281 composite?
True
Is 8735 prime?
False
Is 410599 composite?
True
Is 7393 composite?
False
Is 545873 prime?
True
Is 22901 a prime number?
True
Is 23461 a prime number?
False
Is 47977 a prime number?
True
Is 1463363 prime?
False
Is 2437 composite?
False
Is 1197205 composite?
True
Is 5179 a prime number?
True
Is 48673 composite?
False
Is 14293 a composite number?
False
